 highest common factor of 7 and c?
7
Let j(s) = 2*s**3 - 4*s**2 - 3*s + 1. Let u be j(5). Let i(q) = -12*q - 4. Let x be i(7). Let l = u + x. What is the highest common divisor of l and 12?
12
Suppose 5*p - 60 = -p. Calculate the greatest common factor of p and 10.
10
Let d(g) = g**3 + 7*g**2 - 4*g - 9. Let n be d(-6). Let q(f) = f**3 + 2*f**2 - f + 17. Let s be q(0). What is the highest common divisor of s and n?
17
Let v(q) = 3*q - 5. Let h be v(4). Let c be (h/2 - 3)*30. Calculate the highest common divisor of 105 and c.
15
Let k = 55 + -23. Let r = 7 + -6. Let u be ((-4)/(-1)*4)/r. Calculate the greatest common divisor of k and u.
16
Suppose 2*m = 73 + 23. What is the greatest common factor of 12 and m?
12
Suppose -w - t + 22 = 3*t, -w - 5*t = -24. Suppose 3*h - 4*h + w = 0. Suppose -o + 7 = -0*o. Calculate the highest common factor of h and o.
7
Let n be 2/8 + 30/8. Let b be (-10)/(-15) + (-8)/(-6). Suppose 2*w - n = -b*x, -w = 4*w - 3*x - 42. What is the greatest common divisor of w and 30?
6
Let o(b) = -b**3 + 6*b**2 + 7*b + 3. Let f be o(7). Let p be 8/7 + f/(-21). Calculate the highest common factor of 9 and p.
1
Suppose -11 = -2*k + 23. Suppose -24 = g - 4*y, g - y = y - 20. Let p be (-17)/(1 - g/(-14)). What is the greatest common divisor of p and k?
17
Let h = 279 + -162. What is the greatest common divisor of h and 39?
39
Let g be ((-14)/(3 + -4) - -3)*1. What is the greatest common factor of 68 and g?
17
Let x = -29 + 49. Calculate the highest common divisor of 220 and x.
20
Let c = 3 + -1. Let k(a) be the first derivative of 2*a**3 - a**2 + a - 1. Let b be k(c). Calculate the highest common factor of 7 and b.
7
Let b be -5 + (-2)/((-2)/3). Let g be (759/(-12))/(b/8). What is the greatest common factor of g and 23?
23
Let i(w) = w**2 + w - 1. Let j be i(1). Calculate the greatest common factor of j and 11.
1
Let u(c) = 1. Let y(a) = a**2 - a - 2. Let j(h) = -2*u(h) + y(h). Let q be j(4). Calculate the greatest common factor of 72 and q.
8
Let l = -52 + 116. What is the highest common factor of l and 8?
8
Let x = 53 + -33. Let q be 32/(-2)*(-1)/2. Calculate the highest common divisor of q and x.
4
Let i be 7 - (4 + -2 + 1). Let y be 1/((3/i)/3). Let o be 2/(-4) + 42/y. What is the highest common factor of o and 10?
10
Let n be 136/(0 - 4)*-1. Let c(h) = -12*h**2 - 3*h + 2. Let q be c(2). Let d = q - -103. What is the greatest common divisor of n and d?
17
Suppose -2*d = -7*d + 25. Suppose -5*h - b = 688, d*b + 125 + 27 = -h. Let i = h - -237. Calculate the highest common factor of 40 and i.
20
Let v(w) = -w**2 - 21*w - 52. Let s be v(-13). What is the greatest common divisor of 26 and s?
26
Let z be (-52)/2*2/(-4). Suppose 0 = 3*c - 84 - 33. Calculate the highest common divisor of z and c.
13
Suppose -2 = -x - 4. Let b be 1*3 + (-1)/(-1). Let f be (x - 70)*b/(-3). Calculate the highest common factor of 12 and f.
12
Suppose j + r - 115 = 6*r, -3*j + 291 = 3*r. Calculate the greatest common factor of j and 20.
20
Suppose -3*u + 10 = 2*u. Let y = -11 - -21. Calculate the highest common factor of u and y.
2
Let p(j) = j + 6. Let b be p(-6). Let d be b - 3 - 402/(-2). Calculate the greatest common divisor of d and 18.
18
Let y(x) = x**2 - x + 32. Let a be y(0). Let c be 18/5 + 2/5. What is the greatest common factor of c and a?
4
Suppose 8*i - 3*i - 825 = 0. What is the greatest common factor of 15 and i?
15
Suppose z = -2*z + 12. Let i(x) = 2*x**2 - 6*x + 2. Let f be i(z). Calculate the highest common factor of f and 1.
1
Suppose -9 = -2*o + 1. Suppose -o*r + t = -4*t, 0 = -5*t + 15. Calculate the highest common factor of r and 3.
3
Suppose 7*d = 6*d + 11. Calculate the highest common divisor of 1 and d.
1
Let b = 3 - -1. Suppose -2*u - 3 = -i + b, 4*u - 7 = -i. What is the greatest common factor of i and 28?
7
Let u(i) = -i**2 + 6*i - 3. Let r be u(5). Suppose -79 - 65 = -r*q. Suppose 0 = 3*p - 8 - 16. What is the greatest common factor of q and p?
8
Let o = -47 - -55. Suppose -3*q + 0*q = 0. Let h be (-1)/(q - 2/o). What is the highest common factor of 16 and h?
4
Let t(k) be the second derivative of 19*k**3/3 + k**2/2 + 3*k. Let l be t(3). What is the highest common divisor of l and 23?
23
Let p = -55 + 89. Suppose -5*m - 2*x + 79 = 0, -6*x + x - 32 = -m. What is the highest common divisor of m and p?
17
Let n = 138 - 78. What is the greatest common divisor of 24 and n?
12
Suppose -5*b = 3*l - 61, -3*l - 38 = -2*b - 2*b. Suppose 60 = 2*g - 94. Calculate the highest common factor of b and g.
11
Let a = 89 - 56. Suppose 0 = 5*z - 0*d + d - 17, 1 = -3*z + 5*d. What is the highest common divisor of a and z?
3
Let t(q) = -q**2 - 5*q + 2. Let c be t(-5). Let a be ((-50 + -1)/(-1))/1. Suppose -c*v - v = -a. Calculate the greatest common factor of 17 and v.
17
Let t(i) = -i**2 + 13*i - 6. Let a be t(12). Let s = a - 3. What is the greatest common factor of 21 and s?
3
Let m = 138 - 72. Suppose 0 = -3*g + 12 + m. What is the greatest common divisor of g and 65?
13
Let p(o) = o**2 - 5*o - 9. Suppose 3*l + 2*l - 35 = 0. Let q be p(l). Suppose 109 = 4*c - 2*g + 5*g, g - 3 = 0. What is the highest common factor of c and q?
5
Suppose -10*r = -12*r + 62. Calculate the greatest common factor of 31 and r.
31
Let x(w) = w**3 + 8*w**2 + 3*w - 7. Let v be x(-7). Let p be (9/(-15))/((-1)/35). Calculate the greatest common factor of p and v.
21
Let m be (-1)/(-2 - (-262)/132). Calculate the greatest common divisor of m and 44.
22
Suppose -23 = 5*j - 78. Suppose -v - 12 = -56. Calculate the highest common divisor of j and v.
11
Let o(t) = t + 9. Let d be o(-6). Suppose -a + d = -2. Suppose 4*s = -5*z + a, -s = 5*z - 6*s - 5. Calculate the greatest common factor of z and 1.
1
Let g be (-2)/(-9) - (-142)/9. Calculate the greatest common factor of 2 and g.
2
Let p be -2 - 6*9/(-3). Suppose 0 = u + u + 5*y - p, 0 = 4*u + 2*y - 16. Calculate the greatest common divisor of 12 and u.
3
Suppose -4*u - 12 = 2*q, -u - 14 = q + 3*u. Suppose -q*m + 4*m - 84 = 4*l, -4*l - 52 = -m. Calculate the highest common factor of m and 4.
4
Let v(q) = 20*q + 12. Let x be v(6). Calculate the greatest common divisor of x and 12.
12
Suppose 0 = 6*w - w + 30. Let o(r) = -r**3 - 5*r**2 - 12. Let c be o(w). What is the greatest common factor of c and 216?
24
Suppose 3*x = f + 4, -4*x - 8 = -f - 3*f. Let p = 136 + -70. Suppose 0 = 2*b - p - 14. Calculate the greatest common factor of f and b.
5
Suppose 0 = c - 6 - 0. Suppose -2*t - 4*t + 54 = 0. What is the highest common factor of c and t?
3
Let l = 8 - 1. Calculate the greatest common divisor of 21 and l.
7
Let b be ((-8)/(-10))/(4/140). What is the greatest common factor of b and 7?
7
Let f = -9 - -9. Suppose 4*o = -f*o + 448. Calculate the highest common factor of 14 and o.
14
Let v = -73 - -107. Let r = v - 15. Suppose 3*n - 23 = -3*q + r, 5*n = -4*q + 67. Calculate the greatest common divisor of n and 33.
11
Let b be 1 - (1 - (-18)/(-2)). What is the highest common divisor of 18 and b?
9
Let i = 78 - 43. Let g be 4/14 - (-132)/28. What is the greatest common divisor of g and i?
5
Let s(i) = -i - 7. Let x be s(-7). Suppose x = -c + 2*c - 132. Calculate the greatest common divisor of 12 and c.
12
Suppose 0 = -3*d + 3*o - 0*o - 3, 4*d = 3*o - 5. Let f = d - -8. Let c be 10/f*(-7 + 10). What is the highest common factor of 25 and c?
5
Suppose 4*v - 2*v - 2*a - 4 = 0, -2*a + 8 = 0. Calculate the highest common divisor of 6 and v.
6
Let r be 2/10 - 319/(-5). Suppose f = -f + 160. Suppose -5*k - f = -5*w, -4*w + 5 = -5*k - r. What is the greatest common divisor of 1 and w?
1
Suppose 5*p = 3*m - 19, -3*p = 3*m - m. Suppose y - m*y + 4 = 0. Calculate the greatest common divisor of y and 5.
1
Suppose 0 = -0*r - 5*r + 85. Let c(k) = 22*k - 1. Let d be c(7). Calculate the greatest common divisor of d and r.
17
Let w be 27/12 - (-2)/(-8). Let p be (-2244)/(-14) + w/(-7). Suppose 3*u - z - p = 0, 2*u + 3*z + 205 = 6*u. Calculate the highest common divisor of 5 and u.
5
Let o(t) = -t**2 + 7*t - 10. Let d be (-30)/(-4) - 1/(-2). Let z be o(d). Let x be -2 - z - 0/2. Calculate the greatest common factor of 24 and x.
8
Let w = 62 - 17. Suppose 3*u = -7 - 2. Let a be (0 - (-9)/u)*-3. What is the greatest common factor of a and w?
9
Suppose 4*